{"id":1207,"date":"2016-06-14T01:53:06","date_gmt":"2016-06-14T00:53:06","guid":{"rendered":"https:\/\/the7.io\/construction\/?page_id=2"},"modified":"2023-05-24T18:00:37","modified_gmt":"2023-05-24T16:00:37","slug":"home","status":"publish","type":"page","link":"https:\/\/arcobalkan.com\/ankeri-srbija\/","title":{"rendered":"Po\u010detna"},"content":{"rendered":"<section class=\"wpb-content-wrapper\"><p>[vc_row bg_type=&#8220;image&#8220; parallax_style=&#8220;vcpb-default&#8220; bg_image_new=&#8220;id^1246|url^https:\/\/arcobalkan.com\/ankeri-srbija\/wp-content\/uploads\/2023\/04\/1676990186699.jpeg|caption^null|alt^null|title^1676990186699|description^null&#8220; bg_image_repeat=&#8220;no-repeat&#8220; bg_override=&#8220;full&#8220; type=&#8220;vc_default&#8220; css=&#8220;.vc_custom_1682411172205{padding-top: 270px !important;padding-bottom: 280px !important;}&#8220;][vc_column width=&#8220;2\/3&#8243;][\/vc_column][\/vc_row][vc_row full_width=&#8220;stretch_row&#8220; bg_type=&#8220;bg_color&#8220; bg_color_value=&#8220;#f2f2f2&#8243; css=&#8220;.vc_custom_1682594324882{padding-top: 40px !important;padding-bottom: 40px !important;}&#8220;][vc_column][vc_column_text]<\/p>\n<h2 style=\"text-align: center;\"><span style=\"color: #000000;\">Proizvodi vrhunskog kvaliteta<\/span><\/h2>\n<p>[\/vc_column_text][vc_row_inner][vc_column_inner width=&#8220;1\/2&#8243;][vc_column_text]<span style=\"color: #000000;\"><span style=\"font-weight: 400;\">Arcobalkan d.o.o. je kompanija koja ve\u0107 godinama uspe\u0161no posluje na tr\u017ei\u0161tu Srbije, Crne Gore, <\/span><span style=\"font-weight: 400;\">Bosne i Hercegovine, Makedonije, Bugarske, Albanije i Kosova. <\/span><\/span><\/p>\n<p><span style=\"color: #000000;\"><span style=\"font-weight: 400;\">Zahvaljuju\u0107i iskustvu i posve\u0107enosti na\u0161ih in\u017eenjera <\/span><span style=\"font-weight: 400;\">prodaje<\/span><span style=\"font-weight: 400;\"> imamo kompletnu sliku potreba na navedenim <\/span><span style=\"font-weight: 400;\">tr\u017eistima <\/span><span style=\"font-weight: 400;\">kao I kontakte sa na\u0161im partnerima\u00a0 i poslovnim prijateljima na teritoriji Balkana. <\/span><\/span><\/p>\n<p><span style=\"font-weight: 400; color: #000000;\">Sara\u0111ujemo sa ve\u0107inom rudnika metali\u010dnih mineralnih sirovina na teritoriji Balkana, kao i sa velikim brojem velikih gra\u0111evinskih kompanija koje se bave tunelogradnjom, istragama, kao i stabilizacijom tla.<\/span><\/p>\n<p><span style=\"color: #000000;\">Mi smo distributer <strong>samobu\u0161a\u0107ih ankera<\/strong> Italijanskog <strong>proizvo\u0111a\u010da\u00a0Arco<\/strong>, proizvodi vrhunskog kvaliteta, sertifikovani svim neophodnim doma\u0107im i Evropskim sertifikatima.<\/span><\/p>\n<p><span style=\"color: #000000;\">Ukoliko vam je neophodna vrhunska oprema za injektiranje ankera u tunelima, ili kod stabilizacije kosina, a da je jednostavna za odr\u017eavanje i upotrebu, mo\u017eemo vam ponuditi injekcione\u00a0MAI\u00a0pumpe Austrijske proizvodnje, koje su ve\u0107 godinama prisutne na svim ve\u0107im projektima tunelogradnje u Srbiji i regionu.<\/span>[\/vc_column_text][\/vc_column_inner][vc_column_inner width=&#8220;1\/2&#8243;][vc_column_text]<span style=\"color: #000000;\">U ponudi imamo i kompletan program OTR guma Kineskog proizvo\u0111a\u010da\u00a0TechKing, koje imaju izvanredan odnos cene i kvaliteta, a po perfomansama mo\u017eemo slobodno re\u0107i da su u klasi premijum brendova.<\/span><\/p>\n<p><span style=\"color: #000000;\">Od 2022. smo distributor premijum brenda <strong>Good Year<\/strong> za kompletan program OTR pneumatika.<\/span><\/p>\n<p><span style=\"color: #000000;\"><span style=\"font-weight: 400;\">Proizvode\u00a0Arco\u00a0i\u00a0TechKing,\u00a0imamo na lageru u Beogradu za urgentnu isporuku i na konsignaciji za isporuke u regionu. Pored navedenih proizvoda na lageru u Beogradu imamo znatnu koli\u010dinu rudarskih burgija proizvodjaca Daegun <\/span><span style=\"font-weight: 400;\">Air Hammer i <\/span><span style=\"font-weight: 400;\">Gonar.<\/span><\/span><\/p>\n<p><span style=\"color: #000000;\"><span style=\"font-weight: 400;\">Za potrebe istra\u017enog bu\u0161enja mo\u017eemo ponuditi kompletan program kompanije\u00a0<\/span><span style=\"font-weight: 400;\">TerraRoc<\/span><span style=\"font-weight: 400;\">\u00a0iz Finske, koji sadr\u017ei konvencionalni istra\u017eni bu\u0161a\u0107i pribor, klastere kao i Symmetrix bu\u0161a\u0107i pribor za izradu cevnog \u0161tita pri izgradnji tunela, ili ugradnju mikro \u0161ipova.<\/span><\/span><\/p>\n<p><span style=\"color: #000000;\">U prodajnom portfoliu imamo i opremu za rad u malim jamskim prostorijama <strong>Eimco<\/strong> Elecon pneumatske utovariva\u010de iz Indije, kao i Kovatera iz Kanade.<\/span><\/p>\n<p><span style=\"color: #000000;\">Pored vrhunske opreme va\u017ena \u00a0karika za efikasan rad je kompletna servisna podr\u0161ka i dostupnost rezervnih delova , bu\u0161a\u0107eg pribora, guma i ankera na\u00a0 na\u0161em lageru u Beogradu.<\/span>[\/vc_column_text][\/vc_column_inner][\/vc_row_inner][\/vc_column][\/vc_row][vc_row equal_height=&#8220;yes&#8220; content_placement=&#8220;middle&#8220; css=&#8220;.vc_custom_1682597521929{padding-top: 50px !important;padding-bottom: 50px !important;}&#8220;][vc_column width=&#8220;1\/6&#8243;][vc_single_image image=&#8220;1390&#8243; img_size=&#8220;full&#8220; alignment=&#8220;center&#8220; el_class=&#8220;grayton&#8220;][\/vc_column][vc_column width=&#8220;1\/6&#8243;][vc_single_image image=&#8220;1389&#8243; img_size=&#8220;full&#8220; alignment=&#8220;center&#8220; el_class=&#8220;grayton&#8220;][\/vc_column][vc_column width=&#8220;1\/6&#8243;][vc_single_image image=&#8220;1387&#8243; img_size=&#8220;full&#8220; alignment=&#8220;center&#8220; el_class=&#8220;grayton&#8220;][\/vc_column][vc_column width=&#8220;1\/6&#8243;][vc_single_image image=&#8220;1388&#8243; img_size=&#8220;full&#8220; alignment=&#8220;center&#8220; el_class=&#8220;grayton&#8220;][\/vc_column][vc_column width=&#8220;1\/6&#8243;][vc_single_image image=&#8220;1386&#8243; img_size=&#8220;full&#8220; alignment=&#8220;center&#8220; el_class=&#8220;grayton&#8220;][\/vc_column][vc_column width=&#8220;1\/6&#8243;][vc_single_image image=&#8220;1383&#8243; img_size=&#8220;full&#8220; alignment=&#8220;center&#8220; el_class=&#8220;grayton&#8220;][\/vc_column][\/vc_row][vc_row full_width=&#8220;stretch_row&#8220; css=&#8220;.vc_custom_1682503035243{padding-top: 50px !important;padding-bottom: 50px !important;background-color: rgba(30,115,190,0.25) !important;*background-color: rgb(30,115,190) !important;}&#8220;][vc_column][vc_column_text]<\/p>\n<h3 style=\"text-align: center;\">Mo\u017eemo li da vam pomognemo? Na\u0161 stru\u010dni tim uvek je tu da vam pru\u017ei savet koji vam je potreban.<\/h3>\n<p>[\/vc_column_text][vc_btn title=&#8220;Kontaktirajte nas&#8220; style=&#8220;classic&#8220; shape=&#8220;square&#8220; color=&#8220;black&#8220; size=&#8220;lg&#8220; align=&#8220;center&#8220; link=&#8220;url:http%3A%2F%2Farcobalkan.com%2Fankeri-srbija%2Fkontakt%2F|title:Kontakt&#8220;][\/vc_column][\/vc_row]<\/p>\n<\/section>","protected":false},"excerpt":{"rendered":"<p>[vc_row bg_type=&#8220;image&#8220; parallax_style=&#8220;vcpb-default&#8220; bg_image_new=&#8220;id^1246|url^https:\/\/arcobalkan.com\/ankeri-srbija\/wp-content\/uploads\/2023\/04\/1676990186699.jpeg|caption^null|alt^null|title^1676990186699|description^null&#8220; bg_image_repeat=&#8220;no-repeat&#8220; bg_override=&#8220;full&#8220; type=&#8220;vc_default&#8220; css=&#8220;.vc_custom_1682411172205{padding-top: 270px !important;padding-bottom: 280px !important;}&#8220;][vc_column width=&#8220;2\/3&#8243;][\/vc_column][\/vc_row][vc_row full_width=&#8220;stretch_row&#8220; bg_type=&#8220;bg_color&#8220; bg_color_value=&#8220;#f2f2f2&#8243; css=&#8220;.vc_custom_1682594324882{padding-top: 40px !important;padding-bottom: 40px !important;}&#8220;][vc_column][vc_column_text] Proizvodi vrhunskog kvaliteta [\/vc_column_text][vc_row_inner][vc_column_inner width=&#8220;1\/2&#8243;][vc_column_text]Arcobalkan d.o.o. je kompanija koja ve\u0107 godinama uspe\u0161no posluje na tr\u017ei\u0161tu Srbije, Crne Gore, Bosne i Hercegovine, Makedonije, Bugarske, Albanije i Kosova. Zahvaljuju\u0107i iskustvu i posve\u0107enosti na\u0161ih in\u017eenjera prodaje imamo&hellip;<\/p>\n","protected":false},"author":1,"featured_media":0,"parent":0,"menu_order":0,"comment_status":"closed","ping_status":"closed","template":"","meta":{"footnotes":""},"class_list":["post-1207","page","type-page","status-publish","hentry","description-off"],"yoast_head":"<!-- This site is optimized with the Yoast SEO plugin v20.8 - https:\/\/yoast.com\/wordpress\/plugins\/seo\/ -->\n<title>Po\u010detna - Ankeri Srbija<\/title>\n<meta name=\"robots\" content=\"index, follow, max-snippet:-1, max-image-preview:large, max-video-preview:-1\" \/>\n<link rel=\"canonical\" href=\"https:\/\/arcobalkan.com\/ankeri-srbija\/\" \/>\n<meta property=\"og:locale\" content=\"sr_RS\" \/>\n<meta property=\"og:type\" content=\"article\" \/>\n<meta property=\"og:title\" content=\"Po\u010detna - Ankeri Srbija\" \/>\n<meta property=\"og:description\" content=\"[vc_row bg_type=&#8220;image&#8220; parallax_style=&#8220;vcpb-default&#8220; bg_image_new=&#8220;id^1246|url^https:\/\/arcobalkan.com\/ankeri-srbija\/wp-content\/uploads\/2023\/04\/1676990186699.jpeg|caption^null|alt^null|title^1676990186699|description^null&#8220; bg_image_repeat=&#8220;no-repeat&#8220; bg_override=&#8220;full&#8220; type=&#8220;vc_default&#8220; css=&#8220;.vc_custom_1682411172205{padding-top: 270px !important;padding-bottom: 280px !important;}&#8220;][vc_column width=&#8220;2\/3&#8243;][\/vc_column][\/vc_row][vc_row full_width=&#8220;stretch_row&#8220; bg_type=&#8220;bg_color&#8220; bg_color_value=&#8220;#f2f2f2&#8243; css=&#8220;.vc_custom_1682594324882{padding-top: 40px !important;padding-bottom: 40px !important;}&#8220;][vc_column][vc_column_text] Proizvodi vrhunskog kvaliteta [\/vc_column_text][vc_row_inner][vc_column_inner width=&#8220;1\/2&#8243;][vc_column_text]Arcobalkan d.o.o. je kompanija koja ve\u0107 godinama uspe\u0161no posluje na tr\u017ei\u0161tu Srbije, Crne Gore, Bosne i Hercegovine, Makedonije, Bugarske, Albanije i Kosova. Zahvaljuju\u0107i iskustvu i posve\u0107enosti na\u0161ih in\u017eenjera prodaje imamo&hellip;\" \/>\n<meta property=\"og:url\" content=\"https:\/\/arcobalkan.com\/ankeri-srbija\/\" \/>\n<meta property=\"og:site_name\" content=\"Ankeri Srbija\" \/>\n<meta property=\"article:modified_time\" content=\"2023-05-24T16:00:37+00:00\" \/>\n<meta name=\"twitter:card\" content=\"summary_large_image\" \/>\n<meta name=\"twitter:label1\" content=\"\u041f\u0440\u043e\u0446\u0435\u045a\u0435\u043d\u043e \u0432\u0440\u0435\u043c\u0435 \u0447\u0438\u0442\u0430\u045a\u0430\" \/>\n\t<meta name=\"twitter:data1\" content=\"3 \u043c\u0438\u043d\u0443\u0442\u0430\" \/>\n<script type=\"application\/ld+json\" class=\"yoast-schema-graph\">{\"@context\":\"https:\/\/schema.org\",\"@graph\":[{\"@type\":\"WebPage\",\"@id\":\"https:\/\/arcobalkan.com\/ankeri-srbija\/\",\"url\":\"https:\/\/arcobalkan.com\/ankeri-srbija\/\",\"name\":\"Po\u010detna - Ankeri Srbija\",\"isPartOf\":{\"@id\":\"https:\/\/arcobalkan.com\/ankeri-srbija\/#website\"},\"datePublished\":\"2016-06-14T00:53:06+00:00\",\"dateModified\":\"2023-05-24T16:00:37+00:00\",\"breadcrumb\":{\"@id\":\"https:\/\/arcobalkan.com\/ankeri-srbija\/#breadcrumb\"},\"inLanguage\":\"sr-RS\",\"potentialAction\":[{\"@type\":\"ReadAction\",\"target\":[\"https:\/\/arcobalkan.com\/ankeri-srbija\/\"]}]},{\"@type\":\"BreadcrumbList\",\"@id\":\"https:\/\/arcobalkan.com\/ankeri-srbija\/#breadcrumb\",\"itemListElement\":[{\"@type\":\"ListItem\",\"position\":1,\"name\":\"\u041f\u043e\u0447\u0435\u0442\u043d\u0430\",\"item\":\"https:\/\/arcobalkan.com\/ankeri-srbija\/\"},{\"@type\":\"ListItem\",\"position\":2,\"name\":\"Po\u010detna\"}]},{\"@type\":\"WebSite\",\"@id\":\"https:\/\/arcobalkan.com\/ankeri-srbija\/#website\",\"url\":\"https:\/\/arcobalkan.com\/ankeri-srbija\/\",\"name\":\"Ankeri Srbija\",\"description\":\"\",\"potentialAction\":[{\"@type\":\"SearchAction\",\"target\":{\"@type\":\"EntryPoint\",\"urlTemplate\":\"https:\/\/arcobalkan.com\/ankeri-srbija\/?s={search_term_string}\"},\"query-input\":\"required name=search_term_string\"}],\"inLanguage\":\"sr-RS\"}]}<\/script>\n<!-- \/ Yoast SEO plugin. -->","yoast_head_json":{"title":"Po\u010detna - Ankeri Srbija","robots":{"index":"index","follow":"follow","max-snippet":"max-snippet:-1","max-image-preview":"max-image-preview:large","max-video-preview":"max-video-preview:-1"},"canonical":"https:\/\/arcobalkan.com\/ankeri-srbija\/","og_locale":"sr_RS","og_type":"article","og_title":"Po\u010detna - Ankeri Srbija","og_description":"[vc_row bg_type=&#8220;image&#8220; parallax_style=&#8220;vcpb-default&#8220; bg_image_new=&#8220;id^1246|url^https:\/\/arcobalkan.com\/ankeri-srbija\/wp-content\/uploads\/2023\/04\/1676990186699.jpeg|caption^null|alt^null|title^1676990186699|description^null&#8220; bg_image_repeat=&#8220;no-repeat&#8220; bg_override=&#8220;full&#8220; type=&#8220;vc_default&#8220; css=&#8220;.vc_custom_1682411172205{padding-top: 270px !important;padding-bottom: 280px !important;}&#8220;][vc_column width=&#8220;2\/3&#8243;][\/vc_column][\/vc_row][vc_row full_width=&#8220;stretch_row&#8220; bg_type=&#8220;bg_color&#8220; bg_color_value=&#8220;#f2f2f2&#8243; css=&#8220;.vc_custom_1682594324882{padding-top: 40px !important;padding-bottom: 40px !important;}&#8220;][vc_column][vc_column_text] Proizvodi vrhunskog kvaliteta [\/vc_column_text][vc_row_inner][vc_column_inner width=&#8220;1\/2&#8243;][vc_column_text]Arcobalkan d.o.o. je kompanija koja ve\u0107 godinama uspe\u0161no posluje na tr\u017ei\u0161tu Srbije, Crne Gore, Bosne i Hercegovine, Makedonije, Bugarske, Albanije i Kosova. Zahvaljuju\u0107i iskustvu i posve\u0107enosti na\u0161ih in\u017eenjera prodaje imamo&hellip;","og_url":"https:\/\/arcobalkan.com\/ankeri-srbija\/","og_site_name":"Ankeri Srbija","article_modified_time":"2023-05-24T16:00:37+00:00","twitter_card":"summary_large_image","twitter_misc":{"\u041f\u0440\u043e\u0446\u0435\u045a\u0435\u043d\u043e \u0432\u0440\u0435\u043c\u0435 \u0447\u0438\u0442\u0430\u045a\u0430":"3 \u043c\u0438\u043d\u0443\u0442\u0430"},"schema":{"@context":"https:\/\/schema.org","@graph":[{"@type":"WebPage","@id":"https:\/\/arcobalkan.com\/ankeri-srbija\/","url":"https:\/\/arcobalkan.com\/ankeri-srbija\/","name":"Po\u010detna - Ankeri Srbija","isPartOf":{"@id":"https:\/\/arcobalkan.com\/ankeri-srbija\/#website"},"datePublished":"2016-06-14T00:53:06+00:00","dateModified":"2023-05-24T16:00:37+00:00","breadcrumb":{"@id":"https:\/\/arcobalkan.com\/ankeri-srbija\/#breadcrumb"},"inLanguage":"sr-RS","potentialAction":[{"@type":"ReadAction","target":["https:\/\/arcobalkan.com\/ankeri-srbija\/"]}]},{"@type":"BreadcrumbList","@id":"https:\/\/arcobalkan.com\/ankeri-srbija\/#breadcrumb","itemListElement":[{"@type":"ListItem","position":1,"name":"\u041f\u043e\u0447\u0435\u0442\u043d\u0430","item":"https:\/\/arcobalkan.com\/ankeri-srbija\/"},{"@type":"ListItem","position":2,"name":"Po\u010detna"}]},{"@type":"WebSite","@id":"https:\/\/arcobalkan.com\/ankeri-srbija\/#website","url":"https:\/\/arcobalkan.com\/ankeri-srbija\/","name":"Ankeri Srbija","description":"","potentialAction":[{"@type":"SearchAction","target":{"@type":"EntryPoint","urlTemplate":"https:\/\/arcobalkan.com\/ankeri-srbija\/?s={search_term_string}"},"query-input":"required name=search_term_string"}],"inLanguage":"sr-RS"}]}},"_links":{"self":[{"href":"https:\/\/arcobalkan.com\/ankeri-srbija\/wp-json\/wp\/v2\/pages\/1207","targetHints":{"allow":["GET"]}}],"collection":[{"href":"https:\/\/arcobalkan.com\/ankeri-srbija\/wp-json\/wp\/v2\/pages"}],"about":[{"href":"https:\/\/arcobalkan.com\/ankeri-srbija\/wp-json\/wp\/v2\/types\/page"}],"author":[{"embeddable":true,"href":"https:\/\/arcobalkan.com\/ankeri-srbija\/wp-json\/wp\/v2\/users\/1"}],"replies":[{"embeddable":true,"href":"https:\/\/arcobalkan.com\/ankeri-srbija\/wp-json\/wp\/v2\/comments?post=1207"}],"version-history":[{"count":15,"href":"https:\/\/arcobalkan.com\/ankeri-srbija\/wp-json\/wp\/v2\/pages\/1207\/revisions"}],"predecessor-version":[{"id":1584,"href":"https:\/\/arcobalkan.com\/ankeri-srbija\/wp-json\/wp\/v2\/pages\/1207\/revisions\/1584"}],"wp:attachment":[{"href":"https:\/\/arcobalkan.com\/ankeri-srbija\/wp-json\/wp\/v2\/media?parent=1207"}],"curies":[{"name":"wp","href":"https:\/\/api.w.org\/{rel}","templated":true}]}}